- 6 = -f*p, 3*p - 6 = 3*u. What are the prime factors of p?
2
Suppose 5*a + 10 = 0, 5*h = -4*a + 2*a - 24. Let j = h - -14. What are the prime factors of (3 + -1)*335/j?
67
Let h = 192 + -49. What are the prime factors of h?
11, 13
Let g(i) = i**2 - 14*i - 20. Let c be g(15). Let l = c - -13. What are the prime factors of 45/(-60) + 294/l?
2, 3
Let c be 18/(-12)*2/(-1). Suppose 6 + 0 = c*o. Suppose 0 = -0*n - o*n + 60. List the prime factors of n.
2, 3, 5
Let f = 326 - 141. List the prime factors of f.
5, 37
List the prime factors of (289/17 - 11) + 2244/2.
2, 3, 47
What are the prime factors of -5 + 176/40 + (-4406)/(-10)?
2, 5, 11
Let n(s) = 79*s**2 + 2. Let z be n(-1). Let k = z - 24. List the prime factors of k.
3, 19
Let o be (-2)/((-4)/(-35 + -5)). List the prime factors of (-10)/o*1*422 + 4.
5, 43
Suppose 11*h - 5820 = 7*h. What are the prime factors of h?
3, 5, 97
Let v(m) = 4*m**2 + 2*m + 2. Let u be v(-1). List the prime factors of (-832)/40*(-10)/u.
2, 13
Let l(x) = 8*x - 19. Suppose d - 3*p - p - 17 = 0, 40 = -5*d - 5*p. Let g be 11 + d*1/1. What are the prime factors of l(g)?
3, 5
Let u(d) = d**3 + 8*d**2 - 10*d - 5. Let h be u(-9). Suppose -h*m + 443 = -157. Suppose g - m = -4*g. What are the prime factors of g?
2, 3, 5
What are the prime factors of (-26)/(942/(-468) + 2)?
2, 3, 13
Suppose -3*m + p + 10116 = 2593, 5*m - 12533 = -p. What are the prime factors of m?
23, 109
Suppose 3*q - 353 = 1672. List the prime factors of q.
3, 5
Suppose 0*z - 135 = -2*m + 3*z, 0 = 3*m + z - 230. Suppose -3*c + m = -36. What are the prime factors of c?
37
Let m = 0 + 0. Suppose 5*c = 2*z + 13, 3*c - 2*c - 5*z + 2 = 0. Suppose m = k - c + 1. What are the prime factors of k?
2
Let p = -272 + 572. List the prime factors of p.
2, 3, 5
Suppose 0 = -3*r + 4*h + 468, -h = r - 2*h - 157. Suppose 0 = -111*p + 110*p + r. List the prime factors of p.
2, 5
Let r = -174 + 352. What are the prime factors of r?
2, 89
Suppose 0 = -4*p - 155 - 205. Let i = p - -355. List the prime factors of i.
5, 53
Suppose n = 6*n, 3*n + 12 = 4*k. List the prime factors of k/(2 + 158/(-82)).
41
Suppose 2*l + 1402 = 2*b, -2*b + l - 445 + 1849 = 0. Suppose -2 = 2*x - 0, x + b = 3*a. What are the prime factors of a?
2, 3, 13
Let x(d) = 2*d**2 - 23*d - 11. Let p be x(12). Suppose 2*j + p = 5. List the prime factors of j.
2
Let t(v) = -2*v**2 + 17*v - 2. Let y be t(8). Suppose -128 = -y*k + 2*k. List the prime factors of k.
2
Suppose -11 = -4*n + 29. Let y(j) = j**3 - 31*j**2 + 9*j - 12. Let d(s) = -5*s**2 - s. Let x(a) = -4*d(a) + y(a). List the prime factors of x(n).
2, 3
Let w(c) be the third derivative of 17*c**4/24 - 7*c**3/6 - 14*c**2. What are the prime factors of w(6)?
5, 19
Let w = 37 - 34. Let q = 1 + 1. Suppose 5*n - w*c - 195 = 2*c, 0 = -3*n - q*c + 122. What are the prime factors of n?
2, 5
Let k = -27 + 16. Let f(m) be the second derivative of m**4/12 + 5*m**3/3 + 3*m**2/2 + 2*m. List the prime factors of f(k).
2, 7
Let z = 5743 - 3971. What are the prime factors of z?
2, 443
Let r(m) = -151*m - 664. What are the prime factors of r(-20)?
2, 19, 31
Let l = 2577 - 1684. List the prime factors of l.
19, 47
Let o be (-7)/14 - 3/(-2). List the prime factors of -4*o/(-2) + 58.
2, 3, 5
Let p be -15 + 0 + 10/5. Let c = p + 15. What are the prime factors of c?
2
List the prime factors of -218*1*(2 + -3).
2, 109
Suppose -2*v + 4*t - 29 = -5*v, v + 17 = 4*t. Suppose 0 = 5*i - 2*i - 4*m - 160, v*i = 5*m + 155. What are the prime factors of i?
2, 3, 5
Suppose 3*i - 2*i + 3*r - 10 = 0, 3*i + r - 14 = 0. Suppose 0 = -c + 5*p + i, -2*c + 0*c + 73 = 3*p. What are the prime factors of c?
29
Let h(q) = -q**3 - 6*q**2 - 2*q + 5. Let s be h(-6). Let w = s - 12. Suppose -5*i - 4*u + 20 = u, -w*i = -5*u - 50. What are the prime factors of i?
7
Let x = -26 - -44. Let k be (-4)/x - (-208)/(-36). Let r = k + 22. List the prime factors of r.
2
Suppose 4*h - 2*h - b = 6, -4*h - 5*b + 26 = 0. Suppose -4*n + 2*c + 422 = 0, 9 = h*c - 3. List the prime factors of n.
107
Let k = 3575 - 2187. What are the prime factors of k?
2, 347
Let y(p) = p**2 - 28*p + 91. List the prime factors of y(45).
2, 107
Let t = 8 + -12. Let c(b) = -2*b**3 - 2*b**2 + 9*b - 11. What are the prime factors of c(t)?
7
Let u be (-4 + 4)/((-2)/(-2)). Suppose u = -6*c + 265 + 275. List the prime factors of c.
2, 3, 5
Let t(n) be the third derivative of -1/6*n**4 - 6*n**2 + 0 + 1/30*n**5 + 0*n + 1/120*n**6 + 1/6*n**3. What are the prime factors of t(3)?
2, 17
Let o = -1717 + 4797. List the prime factors of o.
2, 5, 7, 11
Let d(l) = -2*l - 2. Let n be d(-2). Suppose -n*u = -u. Suppose -4*z - f + 10 = -3*z, -5*f - 15 = u. List the prime factors of z.
13
Let i be (-2 + 0)/1 + 4. Suppose 2*h = i, 2*h = q - 2*h - 111. What are the prime factors of q?
5, 23
Let x = -86 + 128. List the prime factors of (12 + 0)*x/28.
2, 3
Let n(j) = -j**3 + 11*j**2 - 10*j + 10. Let r be n(7). Suppose 2*m = -f - 31, -2*f - 2*m = 2*f + r. Let c = -7 - f. What are the prime factors of c?
2, 7
Suppose 3*a = -4*s + 775, 0 = -2*s - 4*a + 3*a + 385. Suppose 5*w - 2*i = s, 0*i = 4*w - 4*i - 164. What are the prime factors of w?
2, 3
Let l(k) = -k**3 - k**2 + k - 2. Let z be l(3). Let j = 69 + z. List the prime factors of j.
2, 17
Suppose x + 8 = -3*x + 3*q, 4 = -2*x - q. Let y = x + 5. Suppose 60 = 8*m - y*m. List the prime factors of m.
2, 3
Let q = -551 - -1048. What are the prime factors of q?
7, 71
Let s(t) be the first derivative of -t**2 - 3*t - 11. Let p be s(5). Let y(g) = -4*g - 7. List the prime factors of y(p).
3, 5
Let m = 1745 + -1094. List the prime factors of m.
3, 7, 31
Let h(w) = w + 13. Let u be h(-9). Suppose 3*d + 68 = 2*o, 9*d = 2*o + u*d - 72. What are the prime factors of 2/3 - o/(-3)?
11
List the prime factors of (808/(-12))/(2/(-15)).
5, 101
Let r be (2/(-1))/((-2)/5). Let m(f) = -1 + 0 - r - 5 + 6*f. List the prime factors of m(6).
5
Let f = 30 - 26. Suppose -7*c = -f*c - 513. What are the prime factors of c?
3, 19
Suppose -10*i + 8803 = -17627. List the prime factors of i.
3, 881
What are the prime factors of 1648/2 - (-19 - -20)*-3?
827
Suppose 0 = -5*f + 6*f - 4. Suppose -5*l - 2*i - 6 = -f*i, 0 = 4*l + 5*i - 15. Suppose 0 = 4*a - 4*z - l*z - 136, z = -4*a + 156. List the prime factors of a.
2, 19
Let l(y) = y**3 - y**2 + 5*y + 8. Let g be l(-8). List the prime factors of 2/(-10) - g/40.
3, 5
Let c(v) = 4*v**3 - 5*v**2 - v + 19. What are the prime factors of c(5)?
389
Let j(z) = 3*z**2 + 5*z - 2. Let g(b) = -3*b - 55. Let c be g(-19). List the prime factors of j(c).
2, 5
Suppose -b = -5 - 15. Suppose -2*w = -3*w + b. List the prime factors of (-5)/(w/16) - -48.
2, 11
Let m(p) = -p - 1. Let x(l) = 14*l - 14. Let d(k) = 10*m(k) - x(k). List the prime factors of d(-3).
2, 19
Let n(q) = 20*q + 10. Let o(h) = -19*h - 11. Let v(d) = 4*n(d) + 3*o(d). List the prime factors of v(4).
3, 11
Let b(f) = -56*f - 64. List the prime factors of b(-13).
2, 83
Let x(o) = -o + 6. Let w = -10 + 10. Suppose w = 3*n + 38 - 5. What are the prime factors of x(n)?
17
Suppose 5*s = f + 18, -3*s = 3*f + 2*s - 26. Let t(j) = -35 - 2*j**2 + 29 + 6*j + 3*j**f. List the prime factors of t(-8).
2, 5
Let u be ((-3)/6)/(2/(-4)). Let h be -1 - (-7)/u*1. Let c = h + 11. What are the prime factors of c?
17
Let o = -4046 + 6253. List the prime factors of o.
2207
Suppose 15*u - 2934 = 1446. List the prime factors of u.
2, 73
Let b(h) = h + 5. Let y be b(0). Suppose -y*i = 4*z - 114, -2*z - 3*z = -5. Let n = 53 - i. List the prime factors of n.
31
List the prime factors of 555/12*2*8832/160.
2, 3, 23, 37
Suppose 0 = -6*p + 7*p - 2. Let z be 230/(1/(p - 4)). List the prime factors of 1/(z/116 + 4).
29
Suppose -20*o + 25542 = 7*o. What are the prime factors of o?
2, 11, 43
Suppose -188 = 3*f - 176. What are the prime factors of (-582)/f - (-18)/(-12)?
2, 3
Suppose a - 638 = -140. List the prime factors of (-12)/21 - (a/(-14) + 1).
2, 17
Suppose m = -s + 3605, 54*m = 49*m + s + 18049. What are the prime factors of m?
3, 401
Suppose -5*n = -4*n - 376. Suppose -15 = -3*o, n = 4*k - 5*o - 243. Suppose 4*d - k = 3*i, 2*d = -i + 3*i + 80. List the prime factors of d.
41
List the prime factors of -3 - 39040/(-56) - (-18)/21.
5, 139
Suppose -316 = -35*r + 33*r. Suppose -5*u + r